t o(c) be the third derivative of -c**6/180 + 5*c**4/24 - 7*c**2. Let z(g) be the second derivative of o(g). Give z(3).
-12
Let a(c) = c**3 - 7*c**2 + 5*c - 1. Let f(i) = i**2 - i. Suppose -2 = 3*m + 1. Let w(d) = m*a(d) - 3*f(d). Let n = -4 - -7. What is w(n)?
4
Let g(m) be the second derivative of -9/20*m**5 + m + 0 + 1/2*m**2 + 0*m**4 - 1/6*m**3. Suppose 3*j - 2*h = -1, 2*j = -2*j - 2*h + 8. Give g(j).
-9
Let b(z) be the second derivative of -z**3/6 - 9*z**2/2 - 6*z. Let m be b(-4). Let r(h) = h + 6. Calculate r(m).
1
Let g(r) = r**3 + 3*r**2 + 4. Let l = 16 + -10. Suppose b + b + l = 0. Calculate g(b).
4
Let t(j) = -4*j. Let d be t(-1). Let n(x) = -x**3 + 4*x**2 - x - 5. What is n(d)?
-9
Let r(s) = s**3 - 4*s**2 + 3*s - 6. Let l = -19 + 23. Suppose l*a = -12, -7*z = -3*z - 4*a - 28. Give r(z).
6
Let o(a) = a**3 + 4*a**2 - 2*a - 4. Suppose 0 = d - 5 + 9. Calculate o(d).
4
Let o be (-3)/((-4)/4*1). Let s(i) = i**o - 6*i + 3*i**2 - 4*i + 13*i - 1. Determine s(-3).
-10
Suppose 13*j = 10*j + 9. Let b(i) = 3*i - 3. Give b(j).
6
Let n(g) = g**2 - 1. Let k = 0 - 1. Let o be n(k). Suppose o*w = -w. Let l(u) = -u**3 + u**2 - u - 10. Give l(w).
-10
Let k(w) be the first derivative of -2*w**2 + w - 9. What is k(1)?
-3
Let z(h) = 4*h. Let v be z(1). Let m(s) = -2 + s - 5*s + v + s**2 + 2. Determine m(5).
9
Let d(c) = c - 4*c + 1 - c**2 + 2*c + 0*c. Give d(3).
-11
Let b(m) be the third derivative of -7/6*m**3 + 0*m + 0 + 1/8*m**4 - 4*m**2. What is b(5)?
8
Suppose -5*p + 0*p = -25. Suppose -3*u + p*u = -6. Let s(d) = d**2 + d + 3. Calculate s(u).
9
Let y(t) = 2*t + 3. Let u(i) = i**3 + 16*i**2 + 14*i - 18. Let p(w) = -w - 4. Let k be p(11). Let b be u(k). Give y(b).
-3
Suppose 8 = -3*h - 4. Let u(v) = -v. Let k be u(-1). Let b(y) = y**2 + 3*y**2 + 5*y - 3*y**2 + 2 - k. What is b(h)?
-3
Let n(o) = -o**2 + o - 1. Let y(b) = -2*b**2 + 11*b + 1. Let m(c) = n(c) - y(c). Determine m(7).
-23
Suppose y + w = -2*y + 5, 3*y + 4*w - 2 = 0. Let v(l) = 2 - 3*l**3 + 3*l**2 + 4*l**3 + l**3 + l - 7*l**2. Let u be v(y). Let d(n) = n**2 - 3*n. Calculate d(u).
4
Let q(u) = u**2 + 8*u + 2. Suppose 8*y = 3*y - g - 35, -9 = 4*y - 3*g. Give q(y).
-10
Let n = -19 + 13. Let x(h) = -h**2 - 8*h - 8. Determine x(n).
4
Let v be (3 - -1)*(-1)/(-2). Suppose 9 = 5*h - v*p, h - 8 = 3*p - 1. Let f(n) be the first derivative of 4*n**3/3 + n**2/2 - n - 7. What is f(h)?
4
Let y(q) be the first derivative of -q**6/120 + 7*q**3/6 - q**2 + 5. Let s(c) be the second derivative of y(c). Determine s(0).
7
Suppose 3*f + 17 = f - j, 5*j - 20 = 5*f. Let t(y) = -y + 5. What is t(f)?
12
Let u = 25 - 39. Let h be 10/u - (-4)/(-14). Let l(t) = -t - t**3 - 672*t**2 + 672*t**2. Give l(h).
2
Let s be (-2)/((-104)/(-20) - 4)*-3. Suppose -c + 0*x + 5 = -x, 0 = 5*c + 5*x - 5. Let y(g) = c*g - g**3 + 3*g**2 - 4 + 3*g + g**2. Give y(s).
1
Let r(h) = -h**2 - 6*h + 2. Suppose -12 = 3*k + 3. Determine r(k).
7
Let q(d) = 4. Let r(w) = -w + 8. Let b(m) = 5*q(m) - 3*r(m). Determine b(-4).
-16
Suppose -8 = y - 3*f, -3*y = -f + 4*f - 24. Let l(r) = r**2 - 7*r - 3. Let v(x) = 5*x**2 - 36*x - 16. Let s(t) = -11*l(t) + 2*v(t). Determine s(y).
5
Let k(p) = 1 - 3*p + 8 - 7. What is k(2)?
-4
Let j(g) = -g**2 - g - 8. Let k be ((-108)/90)/((-1)/5). Let a(f) = -2*f**2 - f - 17. Let w(r) = k*a(r) - 13*j(r). What is w(-6)?
-4
Let r = 8 - -12. Suppose -4*i - a = -7*i + 14, 5*i = a + r. Let m = 2 - i. Let h(j) = 4*j**2 + 2*j + 1. Calculate h(m).
3
Let u(g) be the second derivative of g**7/840 + g**6/120 - g**5/40 - g**4/8 - 2*g**3/3 - 4*g. Let r(m) be the second derivative of u(m). What is r(-4)?
-7
Suppose 0 = -2*i + 4*x - 1 - 1, 0 = -i - 4*x + 11. Let v(y) = 2*y + 2*y - i + y**2 - 3*y. Let a = 8 - 8. Give v(a).
-3
Suppose 3*i - 8*i - 40 = 2*x, 3*i = -3*x - 24. Let f be ((-4)/2)/(4/i). Let l(h) = 5*h - f - 2 + 3*h**2 - 2*h**2. Give l(-5).
-6
Let h(w) = -4*w + 4. Let c(a) = 12*a - 13. Let l(m) = -m + 1. Let y(z) = -c(z) - 5*l(z). Let f(v) = -5*h(v) + 3*y(v). Give f(3).
1
Let z = -3 - -19. Let i = z - 9. Let a(h) = -h**2 + 6*h + 1. What is a(i)?
-6
Suppose -k + 5*w + 19 = 0, -k + 19 = 3*k - w. Let a(n) = -3*n - 1. Give a(k).
-13
Let d(f) be the first derivative of -f**3/3 - 7*f**2/2 + 2*f + 1. Let a = 515 - 522. Calculate d(a).
2
Suppose 3*l + l = -3*g - 6, 5*l + 3*g + 6 = 0. Let w(f) = f - 7. What is w(l)?
-7
Let q(f) = -f**3 + 7*f**2 + f - 5. Let d = -28 + 35. Calculate q(d).
2
Let v = -89 - -89. Let j(w) be the first derivative of 0*w**2 + 4/3*w**3 - 3 + v*w. Calculate j(-1).
4
Let z(a) = 5 - 3 - 3 - 2*a**2 + 2*a + a**3. Suppose -15 = -5*q + u, -5*q = -q + 2*u - 26. Suppose k = -k + q. What is z(k)?
3
Let b(m) = -13*m**3 - 4*m**2 - 17*m - 15. Let k(n) = 7*n**3 + 2*n**2 + 9*n + 8. Let j(g) = -6*b(g) - 11*k(g). Give j(-2).
-4
Let m(y) = y**3 + y**2 - 1. Let w(j) = 3*j**3 - 5*j**2 - 9*j + 6. Let g(t) = -2*m(t) + w(t). Give g(8).
0
Let l(v) = -v**3 - v**2 + 1. Suppose -2*q + 7 = -n, -4*q + 15 = -5. Let g(a) = -3*a + 5*a**3 - 6 + 2 + 1 + n*a**2 - 1. Let s(j) = g(j) + 3*l(j). Give s(-2).
-11
Let h(k) = -3*k - 8. Let x(i) = -i. Let v(a) = h(a) - 2*x(a). Give v(-6).
-2
Suppose 3*g = -b + 9, 0*b - 31 = -4*g + 5*b. Suppose -g*p + 8 = -4. Let a(i) = 0*i + 2*i - 2 + 2 - p. Determine a(3).
3
Let c(h) = 1. Let i(f) = -2*f - 4. Let q(v) = 3*c(v) + i(v). Calculate q(1).
-3
Let y(u) = u**2 + 2*u - 3. Let z(j) = j**2 + j - 4. Let c(q) = 2*y(q) - 3*z(q). Suppose -p = -5*p. Let d be (p - 0)/(4/2). What is c(d)?
6
Suppose 2 = -u + 2*u. Let s be 1/u*(-6 + 4). Let k(b) = -10*b**3 - 2*b**2 - b. Determine k(s).
9
Let c = 58 + -52. Let k(p) = 3 + p**3 + 7*p**2 - 2*p - p**2 - 2*p**3. Give k(c).
-9
Let y(a) = 0*a - 4*a**2 + 3 - 15*a**3 - a + 29*a**3 - 15*a**3. Determine y(-3).
-3
Suppose -g + 3*g - 6 = 0, -5*h = -5*g + 10. Let n(q) = 7*q - 1. Give n(h).
6
Let y(t) = 3*t - 8. Let d = 19 + -17. Let c(u) = 13*u - 31. Let l(w) = d*c(w) - 9*y(w). What is l(8)?
2
Let u = -2 - -9. Let o = u + -5. Let z(k) = -3*k**3 + 7*k - 1. Let l(d) = d**3 - 2*d. Let v(q) = 7*l(q) + 2*z(q). What is v(o)?
6
Let m(f) = -3*f**2 - 7*f - 8. Let w(t) = -t**3 - 3*t**2 - 6*t - 7. Let x(q) = 4*m(q) - 5*w(q). What is x(-2)?
-29
Let t(q) = 10*q**3 + 10*q**2 + 16*q + 16. Let v(o) = -3*o**3 - 3*o**2 - 5*o - 5. Let h(p) = 2*t(p) + 7*v(p). Let c be (1*-2)/(-3 - -4). What is h(c)?
7
Let q(o) = -o**3 + 3*o**2 - 4. Let x(i) = i**2 + 9*i + 3. Let j be x(-9). Give q(j).
-4
Let o(a) = -5*a**2 + a. Suppose -3 = 3*b - 6. Give o(b).
-4
Suppose -5*y + 9*y = 28. Let h(f) = -f**2 + 6*f + 2. What is h(y)?
-5
Let g(n) be the second derivative of n**8/3360 - n**7/1260 + n**6/720 + n**5/60 - n**4/6 + 6*n. Let m(a) be the third derivative of g(a). Determine m(2).
12
Let u(b) be the third derivative of b**4/8 + b**3/6 - 44*b**2. Determine u(6).
19
Let b(g) be the third derivative of -g**5/6 + g**4/24 - g**3/6 - 3*g**2. Determine b(1).
-10
Let g = 20 - 9. Let z = g + -8. Let q(m) = 8*m + 2. Let p(a) = 7*a + 1. Let l(r) = -5*p(r) + 4*q(r). Determine l(z).
-6
Suppose 5*c - 12 = -37. Let g = 0 - c. Let f(n) = -9 + n**3 - n - 6*n**2 + 2 + 12 + 3*n. Give f(g).
-10
Let p(c) = c. Suppose -84 = -5*q - 9*q. Determine p(q).
6
Let h(o) be the first derivative of o**3/3 + 5*o**2/2 - 2*o - 30. Calculate h(-4).
-6
Suppose -l + 2 = -h, -4*l = -l - 2*h - 6. Suppose 0 = 4*k + 5*f - 37, -k + f - 8 = -l*k. Let w(s) = s**3 - 2*s**2 - 4*s + 4. Calculate w(k).
1
Let a be (2/(-6))/(3/(-18)). Let x(q) = -3*q**2 + 2*q**a - 3*q + 0*q + 2*q + 3. Give x(0).
3
Let p(h) be the first derivative of h**3/3 - 7*h**2/2 + 6*h - 27. Determine p(7).
6
Let z(f) = -7*f**2 + 5*f + 11. Let a(p) = -p**2 + p + 1. Let u(h) = -6*a(h) + z(h). What is u(-4)?
-7
Let f(h) = 5*h**3 + 20*h**2 - 12*h - 7. Let g be -3 - ((-3 - -2) + 0). Let m(a) = a**3 + 5*a**2 - 3*a - 2. Let r(y) = g*f(y) + 9*m(y). What is r(4)?
0
Suppose -4*a + 2*t = 2, 0 = 3*a + 2*t - 3 + 1. Let y(h) = h**3 - 10. Give y(a).
-10
Let o(r) = 4*r + 136*r**3 - 7 - 267*r**3 + 7*r**2 + 132*r**3. What is o(-5)?
23
Let z(x) = -2 + x**2 - 1 + 25*x - 2*x**2 - 30*x. Determine z(-4).
1
Let z be (-4)/(-16) + 75/(-12). Let t(f) = 12*f + 8. Let r(l) = -11*l - 7. Let i(b) = z*t(b) - 7*r(b). Determine i(2).
11
Let f(i) = -4*i**3 - i + 1. Suppose 46 = m + 45. What is f(m)?
-4
Let n(q) = q**2 - 4*q - 1. Let p